{"id":833,"date":"2020-11-03T12:03:34","date_gmt":"2020-11-03T12:03:34","guid":{"rendered":"http:\/\/ogrupoparaiso.com.br\/paraiso\/?page_id=833"},"modified":"2020-11-03T17:59:49","modified_gmt":"2020-11-03T17:59:49","slug":"equipamentos-convalescentes","status":"publish","type":"page","link":"http:\/\/ogrupoparaiso.com.br\/paraiso\/equipamentos-convalescentes\/","title":{"rendered":"Equipamentos Convalescentes"},"content":{"rendered":"\t\t<div data-elementor-type=\"wp-page\" data-elementor-id=\"833\" class=\"elementor elementor-833\" data-elementor-post-type=\"page\">\n\t\t\t\t\t\t<section class=\"elementor-section elementor-top-section elementor-element elementor-element-a957a2d elementor-section-boxed elementor-section-height-default elementor-section-height-default\" data-id=\"a957a2d\" data-element_type=\"section\">\n\t\t\t\t\t\t<div class=\"elementor-container elementor-column-gap-default\">\n\t\t\t\t\t<div class=\"elementor-column elementor-col-100 elementor-top-column elementor-element elementor-element-cdf6e3e\" data-id=\"cdf6e3e\" data-element_type=\"column\">\n\t\t\t<div class=\"elementor-widget-wrap\">\n\t\t\t\t\t\t\t<\/div>\n\t\t<\/div>\n\t\t\t\t\t<\/div>\n\t\t<\/section>\n\t\t\t\t<section class=\"elementor-section elementor-top-section elementor-element elementor-element-8c59bc0 elementor-section-boxed elementor-section-height-default elementor-section-height-default\" data-id=\"8c59bc0\" data-element_type=\"section\">\n\t\t\t\t\t\t<div class=\"elementor-container elementor-column-gap-default\">\n\t\t\t\t\t<div class=\"elementor-column elementor-col-100 elementor-top-column elementor-element elementor-element-edad93b\" data-id=\"edad93b\" data-element_type=\"column\">\n\t\t\t<div class=\"elementor-widget-wrap\">\n\t\t\t\t\t\t\t<\/div>\n\t\t<\/div>\n\t\t\t\t\t<\/div>\n\t\t<\/section>\n\t\t\t\t<section class=\"elementor-section elementor-top-section elementor-element elementor-element-af6644a elementor-section-boxed elementor-section-height-default elementor-section-height-default\" data-id=\"af6644a\" data-element_type=\"section\">\n\t\t\t\t\t\t<div class=\"elementor-container elementor-column-gap-default\">\n\t\t\t\t\t<div class=\"elementor-column elementor-col-100 elementor-top-column elementor-element elementor-element-5779d37\" data-id=\"5779d37\" data-element_type=\"column\">\n\t\t\t<div class=\"elementor-widget-wrap elementor-element-populated\">\n\t\t\t\t\t\t<div class=\"elementor-element elementor-element-65edf52 elementor-widget elementor-widget-heading\" data-id=\"65edf52\" data-element_type=\"widget\" data-widget_type=\"heading.default\">\n\t\t\t\t<div class=\"elementor-widget-container\">\n\t\t\t\t\t<h2 class=\"elementor-heading-title elementor-size-default\">Empr\u00e9stimo \u00e0 Covalescentes<\/h2>\t\t\t\t<\/div>\n\t\t\t\t<\/div>\n\t\t\t\t\t<\/div>\n\t\t<\/div>\n\t\t\t\t\t<\/div>\n\t\t<\/section>\n\t\t\t\t<section class=\"elementor-section elementor-top-section elementor-element elementor-element-b1be031 elementor-section-boxed elementor-section-height-default elementor-section-height-default\" data-id=\"b1be031\" data-element_type=\"section\">\n\t\t\t\t\t\t<div class=\"elementor-container elementor-column-gap-default\">\n\t\t\t\t\t<div class=\"elementor-column elementor-col-100 elementor-top-column elementor-element elementor-element-8ab2cdd\" data-id=\"8ab2cdd\" data-element_type=\"column\">\n\t\t\t<div class=\"elementor-widget-wrap\">\n\t\t\t\t\t\t\t<\/div>\n\t\t<\/div>\n\t\t\t\t\t<\/div>\n\t\t<\/section>\n\t\t\t\t<section class=\"elementor-section elementor-top-section elementor-element elementor-element-75285b1 elementor-section-boxed elementor-section-height-default elementor-section-height-default\" data-id=\"75285b1\" data-element_type=\"section\">\n\t\t\t\t\t\t<div class=\"elementor-container elementor-column-gap-default\">\n\t\t\t\t\t<div class=\"elementor-column elementor-col-33 elementor-top-column elementor-element elementor-element-5f3430f\" data-id=\"5f3430f\" data-element_type=\"column\">\n\t\t\t<div class=\"elementor-widget-wrap\">\n\t\t\t\t\t\t\t<\/div>\n\t\t<\/div>\n\t\t\t\t<div class=\"elementor-column elementor-col-33 elementor-top-column elementor-element elementor-element-c9fd1fc\" data-id=\"c9fd1fc\" data-element_type=\"column\">\n\t\t\t<div class=\"elementor-widget-wrap elementor-element-populated\">\n\t\t\t\t\t\t<div class=\"elementor-element elementor-element-91864c6 elementor-widget elementor-widget-image\" data-id=\"91864c6\" data-element_type=\"widget\" data-widget_type=\"image.default\">\n\t\t\t\t<div class=\"elementor-widget-container\">\n\t\t\t\t\t\t\t\t\t\t\t\t\t\t\t<img fetchpriority=\"high\" decoding=\"async\" width=\"960\" height=\"636\" src=\"http:\/\/ogrupoparaiso.com.br\/paraiso\/wp-content\/uploads\/2020\/11\/covalecentes.jpg\" class=\"attachment-large size-large wp-image-837\" alt=\"\" srcset=\"http:\/\/ogrupoparaiso.com.br\/paraiso\/wp-content\/uploads\/2020\/11\/covalecentes.jpg 1024w, http:\/\/ogrupoparaiso.com.br\/paraiso\/wp-content\/uploads\/2020\/11\/covalecentes-300x199.jpg 300w, http:\/\/ogrupoparaiso.com.br\/paraiso\/wp-content\/uploads\/2020\/11\/covalecentes-768x509.jpg 768w\" sizes=\"(max-width: 960px) 100vw, 960px\" \/>\t\t\t\t\t\t\t\t\t\t\t\t\t\t\t<\/div>\n\t\t\t\t<\/div>\n\t\t\t\t\t<\/div>\n\t\t<\/div>\n\t\t\t\t<div class=\"elementor-column elementor-col-33 elementor-top-column elementor-element elementor-element-69d855f\" data-id=\"69d855f\" data-element_type=\"column\">\n\t\t\t<div class=\"elementor-widget-wrap\">\n\t\t\t\t\t\t\t<\/div>\n\t\t<\/div>\n\t\t\t\t\t<\/div>\n\t\t<\/section>\n\t\t\t\t<section class=\"elementor-section elementor-top-section elementor-element elementor-element-f33079c elementor-section-boxed elementor-section-height-default elementor-section-height-default\" data-id=\"f33079c\" data-element_type=\"section\">\n\t\t\t\t\t\t<div class=\"elementor-container elementor-column-gap-default\">\n\t\t\t\t\t<div class=\"elementor-column elementor-col-33 elementor-top-column elementor-element elementor-element-cc22057\" data-id=\"cc22057\" data-element_type=\"column\">\n\t\t\t<div class=\"elementor-widget-wrap\">\n\t\t\t\t\t\t\t<\/div>\n\t\t<\/div>\n\t\t\t\t<div class=\"elementor-column elementor-col-33 elementor-top-column elementor-element elementor-element-1a7ca24\" data-id=\"1a7ca24\" data-element_type=\"column\">\n\t\t\t<div class=\"elementor-widget-wrap elementor-element-populated\">\n\t\t\t\t\t\t<div class=\"elementor-element elementor-element-7f74cd1 elementor-widget elementor-widget-text-editor\" data-id=\"7f74cd1\" data-element_type=\"widget\" data-widget_type=\"text-editor.default\">\n\t\t\t\t<div class=\"elementor-widget-container\">\n\t\t\t\t\t\t\t\t\t<p>Muitas vezes, a recupera\u00e7\u00e3o de um ente querido com enfermidade \u00e9 prejudicada por falta de algum equipamento.<\/p>\n<p>Por isso, no nossos nossos planos o titular e seus dependentes tem direito atrav\u00e9s de empr\u00e9stimo \u00e0 bengala, muleta, andador, cadeira de banho e cadeira de rodas.<\/p>\n<p>&#8211; Consulte disponibilidade<br><\/p>\n<div>\n<p>Grupo Para\u00edso , &#8220;Dedica\u00e7\u00e3o e amor no atendimento a fam\u00edlia&#8221;<\/p>\n<\/div>\t\t\t\t\t\t\t\t<\/div>\n\t\t\t\t<\/div>\n\t\t\t\t\t<\/div>\n\t\t<\/div>\n\t\t\t\t<div class=\"elementor-column elementor-col-33 elementor-top-column elementor-element elementor-element-af131cf\" data-id=\"af131cf\" data-element_type=\"column\">\n\t\t\t<div class=\"elementor-widget-wrap\">\n\t\t\t\t\t\t\t<\/div>\n\t\t<\/div>\n\t\t\t\t\t<\/div>\n\t\t<\/section>\n\t\t\t\t<section class=\"elementor-section elementor-top-section elementor-element elementor-element-e768803 elementor-section-boxed elementor-section-height-default elementor-section-height-default\" data-id=\"e768803\" data-element_type=\"section\">\n\t\t\t\t\t\t<div class=\"elementor-container elementor-column-gap-default\">\n\t\t\t\t\t<div class=\"elementor-column elementor-col-33 elementor-top-column elementor-element elementor-element-14939ed\" data-id=\"14939ed\" data-element_type=\"column\">\n\t\t\t<div class=\"elementor-widget-wrap\">\n\t\t\t\t\t\t\t<\/div>\n\t\t<\/div>\n\t\t\t\t<div class=\"elementor-column elementor-col-33 elementor-top-column elementor-element elementor-element-022f4be\" data-id=\"022f4be\" data-element_type=\"column\">\n\t\t\t<div class=\"elementor-widget-wrap elementor-element-populated\">\n\t\t\t\t\t\t<div class=\"elementor-element elementor-element-ba4da79 elementor-widget elementor-widget-image\" data-id=\"ba4da79\" data-element_type=\"widget\" data-widget_type=\"image.default\">\n\t\t\t\t<div class=\"elementor-widget-container\">\n\t\t\t\t\t\t\t\t\t\t\t\t\t\t\t<img decoding=\"async\" width=\"150\" height=\"150\" src=\"http:\/\/ogrupoparaiso.com.br\/paraiso\/wp-content\/uploads\/2020\/03\/grupo_paraiso_logo_png-150x150.png\" class=\"attachment-thumbnail size-thumbnail wp-image-165\" alt=\"\" srcset=\"http:\/\/ogrupoparaiso.com.br\/paraiso\/wp-content\/uploads\/2020\/03\/grupo_paraiso_logo_png-150x150.png 150w, http:\/\/ogrupoparaiso.com.br\/paraiso\/wp-content\/uploads\/2020\/03\/grupo_paraiso_logo_png-768x775.png 768w, http:\/\/ogrupoparaiso.com.br\/paraiso\/wp-content\/uploads\/2020\/03\/grupo_paraiso_logo_png.png 819w\" sizes=\"(max-width: 150px) 100vw, 150px\" \/>\t\t\t\t\t\t\t\t\t\t\t\t\t\t\t<\/div>\n\t\t\t\t<\/div>\n\t\t\t\t\t<\/div>\n\t\t<\/div>\n\t\t\t\t<div class=\"elementor-column elementor-col-33 elementor-top-column elementor-element elementor-element-743f48c\" data-id=\"743f48c\" data-element_type=\"column\">\n\t\t\t<div class=\"elementor-widget-wrap\">\n\t\t\t\t\t\t\t<\/div>\n\t\t<\/div>\n\t\t\t\t\t<\/div>\n\t\t<\/section>\n\t\t\t\t<\/div>\n\t\t","protected":false},"excerpt":{"rendered":"<p>Empr\u00e9stimo \u00e0 Covalescentes Muitas vezes, a recupera\u00e7\u00e3o de um ente querido com enfermidade \u00e9 prejudicada por falta de algum equipamento. Por isso, no nossos nossos planos o titular e seus dependentes tem direito atrav\u00e9s de empr\u00e9stimo \u00e0 bengala, muleta, andador, cadeira de banho e cadeira de rodas. &#8211; Consulte disponibilidade Grupo Para\u00edso , &#8220;Dedica\u00e7\u00e3o e amor no atendimento a fam\u00edlia&#8221;<\/p>\n","protected":false},"author":1,"featured_media":0,"parent":0,"menu_order":0,"comment_status":"closed","ping_status":"closed","template":"elementor_canvas","meta":{"footnotes":""},"class_list":["post-833","page","type-page","status-publish","hentry"],"_links":{"self":[{"href":"http:\/\/ogrupoparaiso.com.br\/paraiso\/wp-json\/wp\/v2\/pages\/833","targetHints":{"allow":["GET"]}}],"collection":[{"href":"http:\/\/ogrupoparaiso.com.br\/paraiso\/wp-json\/wp\/v2\/pages"}],"about":[{"href":"http:\/\/ogrupoparaiso.com.br\/paraiso\/wp-json\/wp\/v2\/types\/page"}],"author":[{"embeddable":true,"href":"http:\/\/ogrupoparaiso.com.br\/paraiso\/wp-json\/wp\/v2\/users\/1"}],"replies":[{"embeddable":true,"href":"http:\/\/ogrupoparaiso.com.br\/paraiso\/wp-json\/wp\/v2\/comments?post=833"}],"version-history":[{"count":5,"href":"http:\/\/ogrupoparaiso.com.br\/paraiso\/wp-json\/wp\/v2\/pages\/833\/revisions"}],"predecessor-version":[{"id":841,"href":"http:\/\/ogrupoparaiso.com.br\/paraiso\/wp-json\/wp\/v2\/pages\/833\/revisions\/841"}],"wp:attachment":[{"href":"http:\/\/ogrupoparaiso.com.br\/paraiso\/wp-json\/wp\/v2\/media?parent=833"}],"curies":[{"name":"wp","href":"https:\/\/api.w.org\/{rel}","templated":true}]}}