{"id":571,"date":"2020-08-22T13:00:12","date_gmt":"2020-08-22T13:00:12","guid":{"rendered":"http:\/\/ogrupoparaiso.com.br\/paraiso\/?page_id=571"},"modified":"2021-02-05T12:55:37","modified_gmt":"2021-02-05T12:55:37","slug":"notas-de-falecimento-quadra","status":"publish","type":"page","link":"http:\/\/ogrupoparaiso.com.br\/paraiso\/notas-de-falecimento-quadra\/","title":{"rendered":"Notas de Falecimento &#8211; Quadra"},"content":{"rendered":"\t\t<div data-elementor-type=\"wp-page\" data-elementor-id=\"571\" class=\"elementor elementor-571\" data-elementor-post-type=\"page\">\n\t\t\t\t\t\t<section class=\"elementor-section elementor-top-section elementor-element elementor-element-bfd640c elementor-section-full_width elementor-section-height-default elementor-section-height-default\" data-id=\"bfd640c\" data-element_type=\"section\" data-settings=\"{&quot;background_background&quot;:&quot;classic&quot;}\">\n\t\t\t\t\t\t<div class=\"elementor-container elementor-column-gap-default\">\n\t\t\t\t\t<div class=\"elementor-column elementor-col-100 elementor-top-column elementor-element elementor-element-38730eb\" data-id=\"38730eb\" data-element_type=\"column\">\n\t\t\t<div class=\"elementor-widget-wrap elementor-element-populated\">\n\t\t\t\t\t\t<div class=\"elementor-element elementor-element-698ff71 elementor-widget elementor-widget-text-editor\" data-id=\"698ff71\" data-element_type=\"widget\" data-widget_type=\"text-editor.default\">\n\t\t\t\t<div class=\"elementor-widget-container\">\n\t\t\t\t\t\t\t\t\t<h1><strong><img fetchpriority=\"high\" decoding=\"async\" class=\"aligncenter\" src=\"http:\/\/ogrupoparaiso.com.br\/paraiso\/wp-content\/uploads\/2020\/03\/grupo_paraiso_logo_png-1-297x300.png\" alt=\"\" width=\"296\" height=\"300\" \/><\/strong><strong>&#8220;Unindo dedica\u00e7\u00e3o e amor no atendimento a fam\u00edlia&#8221;<\/strong><\/h1><h1><strong>FEVEREIRO 2021<\/strong><\/h1><p><strong>+VERA LUCIA PAES DIAS, 66 anos<\/strong><br \/><em>O vel\u00f3rio ser\u00e1\u00a0<strong>02\/02\/2021<\/strong>\u00a0\u00e0 partir das 08:30\u00a0<\/em><em><br \/>Sepultamento ser\u00e1\u00a0<strong>02\/02\/2021\u00a0<\/strong>as\u00a0<strong>10:30<\/strong>\u00a0no Cemit\u00e9rio Municipal\u00a0 de Quadra<\/em><\/p><p>+++++++++++++++++++++++++<\/p><h1><strong>AGOSTO 2020<\/strong><\/h1><p><strong>22 de Agosto de 2020<\/strong><\/p><p>+ IN\u00caS CONCEI\u00c7\u00c3O BONOME, 74 Anos<br \/>Sepultamento: Cemit\u00e9rio de Quadra<\/p>\t\t\t\t\t\t\t\t<\/div>\n\t\t\t\t<\/div>\n\t\t\t\t\t<\/div>\n\t\t<\/div>\n\t\t\t\t\t<\/div>\n\t\t<\/section>\n\t\t\t\t<\/div>\n\t\t","protected":false},"excerpt":{"rendered":"<p>&#8220;Unindo dedica\u00e7\u00e3o e amor no atendimento a fam\u00edlia&#8221; FEVEREIRO 2021 +VERA LUCIA PAES DIAS, 66 anosO vel\u00f3rio ser\u00e1\u00a002\/02\/2021\u00a0\u00e0 partir das 08:30\u00a0Sepultamento ser\u00e1\u00a002\/02\/2021\u00a0as\u00a010:30\u00a0no Cemit\u00e9rio Municipal\u00a0 de Quadra +++++++++++++++++++++++++ AGOSTO 2020 22 de Agosto de 2020 + IN\u00caS CONCEI\u00c7\u00c3O BONOME, 74 AnosSepultamento: Cemit\u00e9rio de Quadra<\/p>\n","protected":false},"author":1,"featured_media":0,"parent":0,"menu_order":0,"comment_status":"closed","ping_status":"closed","template":"elementor_canvas","meta":{"footnotes":""},"class_list":["post-571","page","type-page","status-publish","hentry"],"_links":{"self":[{"href":"http:\/\/ogrupoparaiso.com.br\/paraiso\/wp-json\/wp\/v2\/pages\/571","targetHints":{"allow":["GET"]}}],"collection":[{"href":"http:\/\/ogrupoparaiso.com.br\/paraiso\/wp-json\/wp\/v2\/pages"}],"about":[{"href":"http:\/\/ogrupoparaiso.com.br\/paraiso\/wp-json\/wp\/v2\/types\/page"}],"author":[{"embeddable":true,"href":"http:\/\/ogrupoparaiso.com.br\/paraiso\/wp-json\/wp\/v2\/users\/1"}],"replies":[{"embeddable":true,"href":"http:\/\/ogrupoparaiso.com.br\/paraiso\/wp-json\/wp\/v2\/comments?post=571"}],"version-history":[{"count":4,"href":"http:\/\/ogrupoparaiso.com.br\/paraiso\/wp-json\/wp\/v2\/pages\/571\/revisions"}],"predecessor-version":[{"id":1055,"href":"http:\/\/ogrupoparaiso.com.br\/paraiso\/wp-json\/wp\/v2\/pages\/571\/revisions\/1055"}],"wp:attachment":[{"href":"http:\/\/ogrupoparaiso.com.br\/paraiso\/wp-json\/wp\/v2\/media?parent=571"}],"curies":[{"name":"wp","href":"https:\/\/api.w.org\/{rel}","templated":true}]}}