{"id":197,"date":"2020-03-15T23:17:03","date_gmt":"2020-03-15T23:17:03","guid":{"rendered":"http:\/\/ogrupoparaiso.com.br\/paraiso\/?page_id=197"},"modified":"2020-11-16T13:00:08","modified_gmt":"2020-11-16T13:00:08","slug":"contato-sarapui","status":"publish","type":"page","link":"http:\/\/ogrupoparaiso.com.br\/paraiso\/contato-sarapui\/","title":{"rendered":"Contato Sarapu\u00ed"},"content":{"rendered":"\t\t<div data-elementor-type=\"wp-page\" data-elementor-id=\"197\" class=\"elementor elementor-197\" data-elementor-post-type=\"page\">\n\t\t\t\t\t\t<section class=\"elementor-section elementor-top-section elementor-element elementor-element-a15c078 elementor-section-boxed elementor-section-height-default elementor-section-height-default\" data-id=\"a15c078\" data-element_type=\"section\">\n\t\t\t\t\t\t<div class=\"elementor-container elementor-column-gap-default\">\n\t\t\t\t\t<div class=\"elementor-column elementor-col-100 elementor-top-column elementor-element elementor-element-dd32bbd\" data-id=\"dd32bbd\" data-element_type=\"column\">\n\t\t\t<div class=\"elementor-widget-wrap elementor-element-populated\">\n\t\t\t\t\t\t<div class=\"elementor-element elementor-element-21cbbbc elementor-widget elementor-widget-text-editor\" data-id=\"21cbbbc\" data-element_type=\"widget\" data-widget_type=\"text-editor.default\">\n\t\t\t\t<div class=\"elementor-widget-container\">\n\t\t\t\t\t\t\t\t\t<p><h2><b>Filial &#8211; Sarapu\u00ed<\/b><\/h2><span style=\"font-size: 1em;\">Rua Alameda Anibal Tavares Albuquerque, 44&nbsp; &nbsp;Vl S\u00e3o Jo\u00e3o<br><\/span><span style=\"font-size: 1em;\">(15) 3276-1774<\/span><\/p>\t\t\t\t\t\t\t\t<\/div>\n\t\t\t\t<\/div>\n\t\t\t\t\t<\/div>\n\t\t<\/div>\n\t\t\t\t\t<\/div>\n\t\t<\/section>\n\t\t\t\t<section class=\"elementor-section elementor-top-section elementor-element elementor-element-f98feb9 elementor-section-boxed elementor-section-height-default elementor-section-height-default\" data-id=\"f98feb9\" data-element_type=\"section\">\n\t\t\t\t\t\t<div class=\"elementor-container elementor-column-gap-default\">\n\t\t\t\t\t<div class=\"elementor-column elementor-col-100 elementor-top-column elementor-element elementor-element-b9485d2\" data-id=\"b9485d2\" data-element_type=\"column\">\n\t\t\t<div class=\"elementor-widget-wrap\">\n\t\t\t\t\t\t\t<\/div>\n\t\t<\/div>\n\t\t\t\t\t<\/div>\n\t\t<\/section>\n\t\t\t\t<section class=\"elementor-section elementor-top-section elementor-element elementor-element-90a0432 elementor-section-boxed elementor-section-height-default elementor-section-height-default\" data-id=\"90a0432\" data-element_type=\"section\" data-settings=\"{&quot;background_background&quot;:&quot;classic&quot;}\">\n\t\t\t\t\t\t<div class=\"elementor-container elementor-column-gap-default\">\n\t\t\t\t\t<div class=\"elementor-column elementor-col-100 elementor-top-column elementor-element elementor-element-eb76875\" data-id=\"eb76875\" data-element_type=\"column\">\n\t\t\t<div class=\"elementor-widget-wrap elementor-element-populated\">\n\t\t\t\t\t\t<div class=\"elementor-element elementor-element-aca949a elementor-widget elementor-widget-gallery\" data-id=\"aca949a\" data-element_type=\"widget\" data-settings=\"{&quot;columns&quot;:7,&quot;lazyload&quot;:&quot;yes&quot;,&quot;gallery_layout&quot;:&quot;grid&quot;,&quot;columns_tablet&quot;:2,&quot;columns_mobile&quot;:1,&quot;gap&quot;:{&quot;unit&quot;:&quot;px&quot;,&quot;size&quot;:10,&quot;sizes&quot;:[]},&quot;gap_tablet&quot;:{&quot;unit&quot;:&quot;px&quot;,&quot;size&quot;:10,&quot;sizes&quot;:[]},&quot;gap_mobile&quot;:{&quot;unit&quot;:&quot;px&quot;,&quot;size&quot;:10,&quot;sizes&quot;:[]},&quot;link_to&quot;:&quot;file&quot;,&quot;aspect_ratio&quot;:&quot;3:2&quot;,&quot;overlay_background&quot;:&quot;yes&quot;,&quot;content_hover_animation&quot;:&quot;fade-in&quot;}\" data-widget_type=\"gallery.default\">\n\t\t\t\t<div class=\"elementor-widget-container\">\n\t\t\t\t\t\t\t<div class=\"elementor-gallery__container\">\n\t\t\t\t\t\t\t<a class=\"e-gallery-item elementor-gallery-item elementor-animated-content\" href=\"http:\/\/ogrupoparaiso.com.br\/paraiso\/wp-content\/uploads\/2020\/11\/sarapui15a71f60-e951-4f49-b8c8-8a237fa23139-1.jpg\" data-elementor-open-lightbox=\"yes\" data-elementor-lightbox-slideshow=\"aca949a\" data-elementor-lightbox-title=\"sarapui15a71f60-e951-4f49-b8c8-8a237fa23139\" data-e-action-hash=\"#elementor-action%3Aaction%3Dlightbox%26settings%3DeyJpZCI6ODExLCJ1cmwiOiJodHRwOlwvXC9vZ3J1cG9wYXJhaXNvLmNvbS5iclwvcGFyYWlzb1wvd3AtY29udGVudFwvdXBsb2Fkc1wvMjAyMFwvMTFcL3NhcmFwdWkxNWE3MWY2MC1lOTUxLTRmNDktYjhjOC04YTIzN2ZhMjMxMzktMS5qcGciLCJzbGlkZXNob3ciOiJhY2E5NDlhIn0%3D\">\n\t\t\t\t\t<div class=\"e-gallery-image elementor-gallery-item__image\" data-thumbnail=\"http:\/\/ogrupoparaiso.com.br\/paraiso\/wp-content\/uploads\/2020\/11\/sarapui15a71f60-e951-4f49-b8c8-8a237fa23139-1-300x225.jpg\" data-width=\"300\" data-height=\"225\" aria-label=\"\" role=\"img\" ><\/div>\n\t\t\t\t\t\t\t\t\t\t\t<div class=\"elementor-gallery-item__overlay\"><\/div>\n\t\t\t\t\t\t\t\t\t\t\t\t\t\t<\/a>\n\t\t\t\t\t\t\t<a class=\"e-gallery-item elementor-gallery-item elementor-animated-content\" href=\"http:\/\/ogrupoparaiso.com.br\/paraiso\/wp-content\/uploads\/2020\/11\/sarapui31b5cd6c-6547-4d40-87a2-1aefef1b658d-1.jpg\" data-elementor-open-lightbox=\"yes\" data-elementor-lightbox-slideshow=\"aca949a\" data-elementor-lightbox-title=\"sarapui31b5cd6c-6547-4d40-87a2-1aefef1b658d\" data-e-action-hash=\"#elementor-action%3Aaction%3Dlightbox%26settings%3DeyJpZCI6ODEyLCJ1cmwiOiJodHRwOlwvXC9vZ3J1cG9wYXJhaXNvLmNvbS5iclwvcGFyYWlzb1wvd3AtY29udGVudFwvdXBsb2Fkc1wvMjAyMFwvMTFcL3NhcmFwdWkzMWI1Y2Q2Yy02NTQ3LTRkNDAtODdhMi0xYWVmZWYxYjY1OGQtMS5qcGciLCJzbGlkZXNob3ciOiJhY2E5NDlhIn0%3D\">\n\t\t\t\t\t<div class=\"e-gallery-image elementor-gallery-item__image\" data-thumbnail=\"http:\/\/ogrupoparaiso.com.br\/paraiso\/wp-content\/uploads\/2020\/11\/sarapui31b5cd6c-6547-4d40-87a2-1aefef1b658d-1-300x300.jpg\" data-width=\"300\" data-height=\"300\" aria-label=\"\" role=\"img\" ><\/div>\n\t\t\t\t\t\t\t\t\t\t\t<div class=\"elementor-gallery-item__overlay\"><\/div>\n\t\t\t\t\t\t\t\t\t\t\t\t\t\t<\/a>\n\t\t\t\t\t\t\t<a class=\"e-gallery-item elementor-gallery-item elementor-animated-content\" href=\"http:\/\/ogrupoparaiso.com.br\/paraiso\/wp-content\/uploads\/2020\/11\/sarapui86e329fd-b803-4f67-8139-57cda2c519ee-1.jpg\" data-elementor-open-lightbox=\"yes\" data-elementor-lightbox-slideshow=\"aca949a\" data-elementor-lightbox-title=\"sarapui86e329fd-b803-4f67-8139-57cda2c519ee\" data-e-action-hash=\"#elementor-action%3Aaction%3Dlightbox%26settings%3DeyJpZCI6ODEzLCJ1cmwiOiJodHRwOlwvXC9vZ3J1cG9wYXJhaXNvLmNvbS5iclwvcGFyYWlzb1wvd3AtY29udGVudFwvdXBsb2Fkc1wvMjAyMFwvMTFcL3NhcmFwdWk4NmUzMjlmZC1iODAzLTRmNjctODEzOS01N2NkYTJjNTE5ZWUtMS5qcGciLCJzbGlkZXNob3ciOiJhY2E5NDlhIn0%3D\">\n\t\t\t\t\t<div class=\"e-gallery-image elementor-gallery-item__image\" data-thumbnail=\"http:\/\/ogrupoparaiso.com.br\/paraiso\/wp-content\/uploads\/2020\/11\/sarapui86e329fd-b803-4f67-8139-57cda2c519ee-1-300x300.jpg\" data-width=\"300\" data-height=\"300\" aria-label=\"\" role=\"img\" ><\/div>\n\t\t\t\t\t\t\t\t\t\t\t<div class=\"elementor-gallery-item__overlay\"><\/div>\n\t\t\t\t\t\t\t\t\t\t\t\t\t\t<\/a>\n\t\t\t\t\t\t\t<a class=\"e-gallery-item elementor-gallery-item elementor-animated-content\" href=\"http:\/\/ogrupoparaiso.com.br\/paraiso\/wp-content\/uploads\/2020\/11\/sarapui518ce7e9-2b8c-4d90-b062-ec0c5719d162-1.jpg\" data-elementor-open-lightbox=\"yes\" data-elementor-lightbox-slideshow=\"aca949a\" data-elementor-lightbox-title=\"sarapui518ce7e9-2b8c-4d90-b062-ec0c5719d162\" data-e-action-hash=\"#elementor-action%3Aaction%3Dlightbox%26settings%3DeyJpZCI6ODE0LCJ1cmwiOiJodHRwOlwvXC9vZ3J1cG9wYXJhaXNvLmNvbS5iclwvcGFyYWlzb1wvd3AtY29udGVudFwvdXBsb2Fkc1wvMjAyMFwvMTFcL3NhcmFwdWk1MThjZTdlOS0yYjhjLTRkOTAtYjA2Mi1lYzBjNTcxOWQxNjItMS5qcGciLCJzbGlkZXNob3ciOiJhY2E5NDlhIn0%3D\">\n\t\t\t\t\t<div class=\"e-gallery-image elementor-gallery-item__image\" data-thumbnail=\"http:\/\/ogrupoparaiso.com.br\/paraiso\/wp-content\/uploads\/2020\/11\/sarapui518ce7e9-2b8c-4d90-b062-ec0c5719d162-1-300x300.jpg\" data-width=\"300\" data-height=\"300\" aria-label=\"\" role=\"img\" ><\/div>\n\t\t\t\t\t\t\t\t\t\t\t<div class=\"elementor-gallery-item__overlay\"><\/div>\n\t\t\t\t\t\t\t\t\t\t\t\t\t\t<\/a>\n\t\t\t\t\t\t\t<a class=\"e-gallery-item elementor-gallery-item elementor-animated-content\" href=\"http:\/\/ogrupoparaiso.com.br\/paraiso\/wp-content\/uploads\/2020\/11\/sarapui642a3b04-8d37-4c40-9021-d516a085430e-1.jpg\" data-elementor-open-lightbox=\"yes\" data-elementor-lightbox-slideshow=\"aca949a\" data-elementor-lightbox-title=\"sarapui642a3b04-8d37-4c40-9021-d516a085430e\" data-e-action-hash=\"#elementor-action%3Aaction%3Dlightbox%26settings%3DeyJpZCI6ODE1LCJ1cmwiOiJodHRwOlwvXC9vZ3J1cG9wYXJhaXNvLmNvbS5iclwvcGFyYWlzb1wvd3AtY29udGVudFwvdXBsb2Fkc1wvMjAyMFwvMTFcL3NhcmFwdWk2NDJhM2IwNC04ZDM3LTRjNDAtOTAyMS1kNTE2YTA4NTQzMGUtMS5qcGciLCJzbGlkZXNob3ciOiJhY2E5NDlhIn0%3D\">\n\t\t\t\t\t<div class=\"e-gallery-image elementor-gallery-item__image\" data-thumbnail=\"http:\/\/ogrupoparaiso.com.br\/paraiso\/wp-content\/uploads\/2020\/11\/sarapui642a3b04-8d37-4c40-9021-d516a085430e-1-300x300.jpg\" data-width=\"300\" data-height=\"300\" aria-label=\"\" role=\"img\" ><\/div>\n\t\t\t\t\t\t\t\t\t\t\t<div class=\"elementor-gallery-item__overlay\"><\/div>\n\t\t\t\t\t\t\t\t\t\t\t\t\t\t<\/a>\n\t\t\t\t\t\t\t<a class=\"e-gallery-item elementor-gallery-item elementor-animated-content\" href=\"http:\/\/ogrupoparaiso.com.br\/paraiso\/wp-content\/uploads\/2020\/11\/sarapuia8482272-ed97-4a64-b6c0-2960384638c4-1.jpg\" data-elementor-open-lightbox=\"yes\" data-elementor-lightbox-slideshow=\"aca949a\" data-elementor-lightbox-title=\"sarapuia8482272-ed97-4a64-b6c0-2960384638c4\" data-e-action-hash=\"#elementor-action%3Aaction%3Dlightbox%26settings%3DeyJpZCI6ODE5LCJ1cmwiOiJodHRwOlwvXC9vZ3J1cG9wYXJhaXNvLmNvbS5iclwvcGFyYWlzb1wvd3AtY29udGVudFwvdXBsb2Fkc1wvMjAyMFwvMTFcL3NhcmFwdWlhODQ4MjI3Mi1lZDk3LTRhNjQtYjZjMC0yOTYwMzg0NjM4YzQtMS5qcGciLCJzbGlkZXNob3ciOiJhY2E5NDlhIn0%3D\">\n\t\t\t\t\t<div class=\"e-gallery-image elementor-gallery-item__image\" data-thumbnail=\"http:\/\/ogrupoparaiso.com.br\/paraiso\/wp-content\/uploads\/2020\/11\/sarapuia8482272-ed97-4a64-b6c0-2960384638c4-1-300x300.jpg\" data-width=\"300\" data-height=\"300\" aria-label=\"\" role=\"img\" ><\/div>\n\t\t\t\t\t\t\t\t\t\t\t<div class=\"elementor-gallery-item__overlay\"><\/div>\n\t\t\t\t\t\t\t\t\t\t\t\t\t\t<\/a>\n\t\t\t\t\t\t\t<a class=\"e-gallery-item elementor-gallery-item elementor-animated-content\" href=\"http:\/\/ogrupoparaiso.com.br\/paraiso\/wp-content\/uploads\/2020\/11\/sarapuie3f548f-68d2-4ba1-ab3b-f929ffaf79e5-1.jpg\" data-elementor-open-lightbox=\"yes\" data-elementor-lightbox-slideshow=\"aca949a\" data-elementor-lightbox-title=\"sarapuie3f548f-68d2-4ba1-ab3b-f929ffaf79e5\" data-e-action-hash=\"#elementor-action%3Aaction%3Dlightbox%26settings%3DeyJpZCI6ODIwLCJ1cmwiOiJodHRwOlwvXC9vZ3J1cG9wYXJhaXNvLmNvbS5iclwvcGFyYWlzb1wvd3AtY29udGVudFwvdXBsb2Fkc1wvMjAyMFwvMTFcL3NhcmFwdWllM2Y1NDhmLTY4ZDItNGJhMS1hYjNiLWY5MjlmZmFmNzllNS0xLmpwZyIsInNsaWRlc2hvdyI6ImFjYTk0OWEifQ%3D%3D\">\n\t\t\t\t\t<div class=\"e-gallery-image elementor-gallery-item__image\" data-thumbnail=\"http:\/\/ogrupoparaiso.com.br\/paraiso\/wp-content\/uploads\/2020\/11\/sarapuie3f548f-68d2-4ba1-ab3b-f929ffaf79e5-1-300x300.jpg\" data-width=\"300\" data-height=\"300\" aria-label=\"\" role=\"img\" ><\/div>\n\t\t\t\t\t\t\t\t\t\t\t<div class=\"elementor-gallery-item__overlay\"><\/div>\n\t\t\t\t\t\t\t\t\t\t\t\t\t\t<\/a>\n\t\t\t\t\t<\/div>\n\t\t\t\t\t<\/div>\n\t\t\t\t<\/div>\n\t\t\t\t\t<\/div>\n\t\t<\/div>\n\t\t\t\t\t<\/div>\n\t\t<\/section>\n\t\t\t\t<section class=\"elementor-section elementor-top-section elementor-element elementor-element-6eda0ca elementor-section-boxed elementor-section-height-default elementor-section-height-default\" data-id=\"6eda0ca\" data-element_type=\"section\">\n\t\t\t\t\t\t<div class=\"elementor-container elementor-column-gap-default\">\n\t\t\t\t\t<div class=\"elementor-column elementor-col-33 elementor-top-column elementor-element elementor-element-4d0d732\" data-id=\"4d0d732\" data-element_type=\"column\">\n\t\t\t<div class=\"elementor-widget-wrap\">\n\t\t\t\t\t\t\t<\/div>\n\t\t<\/div>\n\t\t\t\t<div class=\"elementor-column elementor-col-33 elementor-top-column elementor-element elementor-element-e5b0cb8\" data-id=\"e5b0cb8\" data-element_type=\"column\">\n\t\t\t<div class=\"elementor-widget-wrap elementor-element-populated\">\n\t\t\t\t\t\t<div class=\"elementor-element elementor-element-b0c2f95 elementor-widget elementor-widget-google_maps\" data-id=\"b0c2f95\" data-element_type=\"widget\" data-widget_type=\"google_maps.default\">\n\t\t\t\t<div class=\"elementor-widget-container\">\n\t\t\t\t\t\t\t<div class=\"elementor-custom-embed\">\n\t\t\t<iframe loading=\"lazy\"\n\t\t\t\t\tsrc=\"https:\/\/maps.google.com\/maps?q=Alameda%20An%C3%ADbal%20Tavares%20de%20Albuquerque%20-%20Vila%20S%C3%A3o%20Jo%C3%A3o%2C%20Sarapu%C3%AD%20-%20SP%2C%2018225-000&#038;t=m&#038;z=16&#038;output=embed&#038;iwloc=near\"\n\t\t\t\t\ttitle=\"Alameda An\u00edbal Tavares de Albuquerque - Vila S\u00e3o Jo\u00e3o, Sarapu\u00ed - SP, 18225-000\"\n\t\t\t\t\taria-label=\"Alameda An\u00edbal Tavares de Albuquerque - Vila S\u00e3o Jo\u00e3o, Sarapu\u00ed - SP, 18225-000\"\n\t\t\t><\/iframe>\n\t\t<\/div>\n\t\t\t\t\t\t<\/div>\n\t\t\t\t<\/div>\n\t\t\t\t\t<\/div>\n\t\t<\/div>\n\t\t\t\t<div class=\"elementor-column elementor-col-33 elementor-top-column elementor-element elementor-element-8508425\" data-id=\"8508425\" data-element_type=\"column\">\n\t\t\t<div class=\"elementor-widget-wrap\">\n\t\t\t\t\t\t\t<\/div>\n\t\t<\/div>\n\t\t\t\t\t<\/div>\n\t\t<\/section>\n\t\t\t\t<section class=\"elementor-section elementor-top-section elementor-element elementor-element-4b25591 elementor-section-boxed elementor-section-height-default elementor-section-height-default\" data-id=\"4b25591\" data-element_type=\"section\">\n\t\t\t\t\t\t<div class=\"elementor-container elementor-column-gap-default\">\n\t\t\t\t\t<div class=\"elementor-column elementor-col-100 elementor-top-column elementor-element elementor-element-66542da\" data-id=\"66542da\" data-element_type=\"column\">\n\t\t\t<div class=\"elementor-widget-wrap elementor-element-populated\">\n\t\t\t\t\t\t\t<\/div>\n\t\t<\/div>\n\t\t\t\t\t<\/div>\n\t\t<\/section>\n\t\t\t\t<\/div>\n\t\t","protected":false},"excerpt":{"rendered":"<p>Filial &#8211; Sarapu\u00ed Rua Alameda Anibal Tavares Albuquerque, 44&nbsp; &nbsp;Vl S\u00e3o Jo\u00e3o(15) 3276-1774<\/p>\n","protected":false},"author":1,"featured_media":0,"parent":0,"menu_order":0,"comment_status":"closed","ping_status":"closed","template":"elementor_header_footer","meta":{"footnotes":""},"class_list":["post-197","page","type-page","status-publish","hentry"],"_links":{"self":[{"href":"http:\/\/ogrupoparaiso.com.br\/paraiso\/wp-json\/wp\/v2\/pages\/197","targetHints":{"allow":["GET"]}}],"collection":[{"href":"http:\/\/ogrupoparaiso.com.br\/paraiso\/wp-json\/wp\/v2\/pages"}],"about":[{"href":"http:\/\/ogrupoparaiso.com.br\/paraiso\/wp-json\/wp\/v2\/types\/page"}],"author":[{"embeddable":true,"href":"http:\/\/ogrupoparaiso.com.br\/paraiso\/wp-json\/wp\/v2\/users\/1"}],"replies":[{"embeddable":true,"href":"http:\/\/ogrupoparaiso.com.br\/paraiso\/wp-json\/wp\/v2\/comments?post=197"}],"version-history":[{"count":11,"href":"http:\/\/ogrupoparaiso.com.br\/paraiso\/wp-json\/wp\/v2\/pages\/197\/revisions"}],"predecessor-version":[{"id":875,"href":"http:\/\/ogrupoparaiso.com.br\/paraiso\/wp-json\/wp\/v2\/pages\/197\/revisions\/875"}],"wp:attachment":[{"href":"http:\/\/ogrupoparaiso.com.br\/paraiso\/wp-json\/wp\/v2\/media?parent=197"}],"curies":[{"name":"wp","href":"https:\/\/api.w.org\/{rel}","templated":true}]}}